{"id":2500,"date":"2022-07-02T12:16:42","date_gmt":"2022-07-02T12:16:42","guid":{"rendered":"http:\/\/tv-mar.de\/?page_id=2500"},"modified":"2022-07-02T12:17:42","modified_gmt":"2022-07-02T12:17:42","slug":"modernisierung-der-flutlichtanlage","status":"publish","type":"page","link":"https:\/\/tv-mar.de\/?page_id=2500","title":{"rendered":"Modernisierung der Flutlichtanlage"},"content":{"rendered":"\n<p>Titel: KSI: Umbau der bestehenden Flutlichtanlage mit Quecksilberdampflampen auf dem Trainingsplatz des TV 1884 e.V. Marktheidenfeld auf LED Technik<\/p>\n\n\n\n<p>F\u00f6rderkennzeichen: 03K18449<\/p>\n\n\n\n<p>Laufzeit\/Zeitraum des Vorhabens: 01.12.2021 \u2013 30.11.2022<\/p>\n\n\n\n<p>Partner: Firma Hudson GmbH<\/p>\n\n\n\n<figure class=\"wp-block-image size-large is-resized\"><img loading=\"lazy\" decoding=\"async\" src=\"http:\/\/tv-mar.de\/wp-content\/uploads\/2022\/07\/Logo_NKI_Forderhinweis_Logo_Kombination_NKI-und-BMU-1024x512.png\" alt=\"\" class=\"wp-image-2501\" width=\"836\" height=\"418\" srcset=\"https:\/\/tv-mar.de\/wp-content\/uploads\/2022\/07\/Logo_NKI_Forderhinweis_Logo_Kombination_NKI-und-BMU-1024x512.png 1024w, https:\/\/tv-mar.de\/wp-content\/uploads\/2022\/07\/Logo_NKI_Forderhinweis_Logo_Kombination_NKI-und-BMU-300x150.png 300w, https:\/\/tv-mar.de\/wp-content\/uploads\/2022\/07\/Logo_NKI_Forderhinweis_Logo_Kombination_NKI-und-BMU-768x384.png 768w, https:\/\/tv-mar.de\/wp-content\/uploads\/2022\/07\/Logo_NKI_Forderhinweis_Logo_Kombination_NKI-und-BMU-1536x768.png 1536w, https:\/\/tv-mar.de\/wp-content\/uploads\/2022\/07\/Logo_NKI_Forderhinweis_Logo_Kombination_NKI-und-BMU-2048x1024.png 2048w\" sizes=\"auto, (max-width: 836px) 100vw, 836px\" \/><\/figure>\n\n\n\n<h2 class=\"wp-block-heading\"><strong>Ziel und Inhalt des Vorhabens:<\/strong><\/h2>\n\n\n\n<p>Minimierung des Energieverbrauchs, Optimierung der CO\u00b2-Bilanz und Verbesserung der Lichtqualit\u00e4t.\u00a0<a rel=\"noreferrer noopener\" href=\"https:\/\/www.klimaschutz.de\/de\/foerderung\/foerderprogramme\/kommunalrichtlinie\" target=\"_blank\">https:\/\/www.klimaschutz.de\/de\/foerderung\/foerderprogramme\/kommunalrichtlinie<\/a><\/p>\n\n\n\n<h2 class=\"wp-block-heading\"><strong>Nationale Klimaschutzinitiative<\/strong><\/h2>\n\n\n\n<p>Mit der Nationalen Klimaschutzinitiative initiiert und f\u00f6rdert das Bundesumweltministerium seit 2008 zahlreiche Projekte, die einen Beitrag zur Senkung der Treibhausgasemissionen leisten. Ihre Programme und Projekte decken ein breites Spektrum an Klimaschutzaktivit\u00e4ten ab: Von der Entwicklung langfristiger Strategien bis hin zu konkreten Hilfestellungen und investiven F\u00f6rderma\u00dfnahmen. Diese Vielfalt ist Garant f\u00fcr gute Ideen. Die Nationale Klimaschutzinitiative tr\u00e4gt zu einer Verankerung des Klimaschutzes vor Ort bei. Von ihr profitieren Verbraucherinnen und Verbraucher ebenso wie Unternehmen, Kommunen oder Bildungseinrichtungen.<\/p>\n\n\n\n<p class=\"has-text-align-center\"><em>Gef\u00f6rdert vom Bundesministerium f\u00fcr Umwelt, Naturschutz und nukleare Sicherheit aufgrund eines Beschlusses des Deutschen Bundestages<\/em><\/p>\n","protected":false},"excerpt":{"rendered":"<p>Titel: KSI: Umbau der bestehenden Flutlichtanlage mit Quecksilberdampflampen auf dem Trainingsplatz des TV 1884 e.V. Marktheidenfeld auf LED Technik F\u00f6rderkennzeichen: 03K18449 Laufzeit\/Zeitraum des Vorhabens: 01.12.2021 \u2013 30.11.2022 Partner: Firma Hudson GmbH Ziel und Inhalt des Vorhabens: Minimierung des Energieverbrauchs, Optimierung der CO\u00b2-Bilanz und Verbesserung der Lichtqualit\u00e4t.\u00a0https:\/\/www.klimaschutz.de\/de\/foerderung\/foerderprogramme\/kommunalrichtlinie Nationale Klimaschutzinitiative Mit der Nationalen Klimaschutzinitiative initiiert und f\u00f6rdert [&hellip;]<\/p>\n","protected":false},"author":4,"featured_media":0,"parent":0,"menu_order":0,"comment_status":"closed","ping_status":"closed","template":"","meta":{"footnotes":""},"class_list":["post-2500","page","type-page","status-publish","hentry"],"_links":{"self":[{"href":"https:\/\/tv-mar.de\/index.php?rest_route=\/wp\/v2\/pages\/2500","targetHints":{"allow":["GET"]}}],"collection":[{"href":"https:\/\/tv-mar.de\/index.php?rest_route=\/wp\/v2\/pages"}],"about":[{"href":"https:\/\/tv-mar.de\/index.php?rest_route=\/wp\/v2\/types\/page"}],"author":[{"embeddable":true,"href":"https:\/\/tv-mar.de\/index.php?rest_route=\/wp\/v2\/users\/4"}],"replies":[{"embeddable":true,"href":"https:\/\/tv-mar.de\/index.php?rest_route=%2Fwp%2Fv2%2Fcomments&post=2500"}],"version-history":[{"count":5,"href":"https:\/\/tv-mar.de\/index.php?rest_route=\/wp\/v2\/pages\/2500\/revisions"}],"predecessor-version":[{"id":2507,"href":"https:\/\/tv-mar.de\/index.php?rest_route=\/wp\/v2\/pages\/2500\/revisions\/2507"}],"wp:attachment":[{"href":"https:\/\/tv-mar.de\/index.php?rest_route=%2Fwp%2Fv2%2Fmedia&parent=2500"}],"curies":[{"name":"wp","href":"https:\/\/api.w.org\/{rel}","templated":true}]}}